50 + (-3 - (2 + g)).
2, 3, 5
Suppose 4*u + 1053 = 17*u. What are the prime factors of u?
3
Let x(z) = 2*z**2 + 14*z - 77. List the prime factors of x(-25).
823
Suppose 0*v - 18*v = -4896. What are the prime factors of v?
2, 17
Suppose 0 = -22*l + 115*l - 477741. What are the prime factors of l?
11, 467
Let v(k) be the third derivative of -7*k**4/3 + k**3/2 + k**2. Let m be v(-1). Let t = -25 + m. List the prime factors of t.
2, 17
Let s(h) = h + 11. Let b be s(5). Suppose b = -3*w + 7*w. Let o(v) = 4*v + 3. What are the prime factors of o(w)?
19
Let d be (-150)/(-35)*(-6 - (-1)/(-1)). Let m = d + 38. List the prime factors of m.
2
What are the prime factors of 3/(-1)*3/(6/(-26))?
3, 13
Let x be (5 - 3 - -40) + -2. Suppose -5*m - x = -2*r, 2*m + 39 = 4*r - 41. List the prime factors of r.
2, 5
Let s(z) = 116*z - 99. What are the prime factors of s(6)?
3, 199
Suppose 0 = 25*u - 34*u + 26235. List the prime factors of u.
5, 11, 53
Suppose -129 = 4*h + 5*v, 3*v + 1 = -h + 8*v. Let q(f) = -f - 1. Let w be q(0). Let y = w - h. List the prime factors of y.
5
List the prime factors of 31/(5 - (-8)/(224/(-138))).
2, 7, 31
Let x = -25 - -26. What are the prime factors of (-31 + x)*(-187)/33?
2, 5, 17
Let f(m) = -m**3 + 16*m**2 + 17*m + 20. What are the prime factors of f(-10)?
2, 5, 7
Suppose -4 = -2*s, s + s + 9 = k. Let y be 48/288 + 10/12. Suppose j = -y + k. List the prime factors of j.
2, 3
Let j(h) = 12 - h + 26*h**2 - 23*h**2 - 1 + 3*h. List the prime factors of j(-6).
107
Let g be 4/(-28) + (-100)/(-14). Suppose -b + 61 = -g. List the prime factors of b.
2, 17
Let g = 2505 - 1000. List the prime factors of g.
5, 7, 43
Let y(i) = 45*i + 714. List the prime factors of y(-10).
2, 3, 11
Let x be (-52)/(-14) + 16/56. Suppose 5*z = 4*f - 233, -x*f = -z - 0*z - 229. Suppose 6*c - f - 69 = 0. List the prime factors of c.
3, 7
Let u(c) = -5*c**3 - 6*c**2 - 19*c + 3. What are the prime factors of u(-6)?
3, 109
Suppose 5*x - 3*f - 25 = 0, -x + 3 = 2*f - 2. Suppose 0 = 5*w + x, j + 3*w = 2*j - 6. Suppose 10 + 80 = j*m. What are the prime factors of m?
2, 3, 5
List the prime factors of 164892/234 - (-1)/3.
3, 5, 47
Suppose -4*g = 0, 2*l + 5*g + 0*g = -98. Let n = l - -103. Suppose -4*c + 2*s + 14 = -n, 5*s = 20. List the prime factors of c.
19
What are the prime factors of (-4 - (-9 + 0)) + 31 + -1?
5, 7
Let r = -204 - -39. Let i = 29 - r. List the prime factors of i.
2, 97
Suppose -4332 + 1012 = -8*x. What are the prime factors of x?
5, 83
Suppose -9*j = -3677 + 824. What are the prime factors of j?
317
Let l = 11 + -6. Suppose -3 = 3*y - 0*y, 2*n = l*y + 347. What are the prime factors of n?
3, 19
List the prime factors of (-6829)/(-5) + (-65)/(-325).
2, 683
Let b(n) = 604*n**2 - 18*n - 1. What are the prime factors of b(1)?
3, 5, 13
What are the prime factors of (-166)/(-5) - -2*2/5?
2, 17
Let q(d) = d + 7. Let c be q(-7). Suppose -5*z + 342 = 2*l, c = -3*z + 4*l - 0*l + 200. List the prime factors of z.
2, 17
List the prime factors of (1 - -50)*(-10 - 440/(-30)).
2, 7, 17
Let x = 75 - 70. Suppose -a - 260 = -x*a. List the prime factors of a.
5, 13
Let d(j) = 2*j**2 + 23*j + 54. What are the prime factors of d(-17)?
241
List the prime factors of (2 + 9 + -117)*(-26)/4.
13, 53
Suppose 9*l - 8382 = -444. List the prime factors of l.
2, 3, 7
Suppose -6*x + 2964 = -450. List the prime factors of x.
569
Suppose -2*c + 0*c + 3*n = 21, 2*c + 4*n = 0. Let g(z) be the first derivative of 2*z**3/3 + 7*z**2/2 + 9*z - 1. What are the prime factors of g(c)?
3, 13
Let o = -29 - -35. Let l(i) = -i**3 + 5*i**2 + 12*i - 7. List the prime factors of l(o).
29
Let d = -139 + 268. Let j = 240 - d. List the prime factors of j.
3, 37
Suppose -4*u - 3*g = -2240, 2*u - 201 = g + 919. List the prime factors of u.
2, 5, 7
Let d = 8456 - 5023. What are the prime factors of d?
3433
Suppose -2*f - 4 = 2*s, 3*f = 3 - 18. Suppose -4*m - 648 = -9*m + s*n, -m + 112 = -5*n. What are the prime factors of m?
2, 3, 11
What are the prime factors of 18/(-4)*(17816/(-51) + -22)?
3, 557
Suppose 3*w - 944 = 793. List the prime factors of 5/(60/w) - 2/8.
2, 3
Suppose -2*l + 6*l = -20. Let x be (2 + 31)*l/15. Let h = x + 51. What are the prime factors of h?
2, 5
Suppose 5*l - 5945 = 5*d, d + 4231 = 5*l - 1706. List the prime factors of l.
1187
Let q = 15 + -25. Let s be -1 + 2 + (q - -14). Suppose -5*v = 2*j - 35 - 32, -v = -s. List the prime factors of j.
3, 7
Let k(m) be the first derivative of m**3/3 - 4*m**2 - 4*m - 6. Let q be k(6). Let d = 32 + q. What are the prime factors of d?
2
Let q = -2016 + 3613. What are the prime factors of q?
1597
Let x(w) = 62*w**2 + 2*w + 2. Let m be x(-1). Let c = m - 56. List the prime factors of c.
2, 3
Let l(x) be the second derivative of 71*x**3/3 + 5*x**2/2 - 2*x + 9. What are the prime factors of l(2)?
17
Suppose 0 = i - 4*z, 0 = -z - z. Suppose i = 5*c + 3*f + 69, 5*c - 2*f = -33 - 21. Let n(j) = j**3 + 11*j**2 - 13*j - 1. What are the prime factors of n(c)?
11
Let o(k) = 90*k**2 + 5*k + 19. List the prime factors of o(-3).
2, 11, 37
Suppose 0 = -t + 2*p - 6*p + 219, -p + 466 = 2*t. List the prime factors of t.
5, 47
Let a = 2 - -23. Suppose 9 = d - 3*v, -5*d - 7*v = -2*v - a. List the prime factors of d.
2, 3
List the prime factors of -194*(-3)/2*(-14)/(-42).
97
Let i = 8 - 6. Suppose 0 = -4*x - d + 10, x + 2*x - 13 = i*d. Suppose -m + x*m = 24. List the prime factors of m.
2, 3
Let m be 72/(-60)*25/(-2). Suppose -907 = -m*f + 1253. List the prime factors of f.
2, 3
Suppose -44*a + 4774 = -22*a. What are the prime factors of a?
7, 31
List the prime factors of -2*(10 + -9)*-1331.
2, 11
Suppose -328 = -4*h + 748. List the prime factors of h.
269
List the prime factors of 550*(-66)/24*(0 - 2).
5, 11
Let i = 748 + -315. List the prime factors of i.
433
Suppose 0 = -u + 2, 0 = -x + 5*u + 81. List the prime factors of x.
7, 13
Let k(t) = -144*t + 38. List the prime factors of k(-8).
2, 5, 7, 17
What are the prime factors of (12 + -6 - -247) + -6?
13, 19
List the prime factors of -2*(-5 - -4) - -915.
7, 131
Suppose 3*i - 24 = 11*i. What are the prime factors of (11/2 + i)*126/35?
3
Suppose -7*d = -12*d + 2910. List the prime factors of d.
2, 3, 97
Let i = -7985 + 12815. List the prime factors of i.
2, 3, 5, 7, 23
Suppose -11 = -5*w - 31. Let f be 8/16 - 6/w. Suppose -f*n - 3 + 54 = a, 5*n + 191 = 4*a. List the prime factors of a.
7
Let l(c) = 38*c**2 + 2*c + 1. Suppose 0 = 4*a - 9*a + 5. Suppose 5*h = -o + 4*o - 12, -h + a = -4*o. What are the prime factors of l(o)?
37
Suppose -5*k = -2*f - 2*f + 1494, 5*f - 1876 = 2*k. What are the prime factors of f?
2, 47
Let t(n) = -19*n - 74. List the prime factors of t(-31).
5, 103
Let d be (1/3)/(1/12). Suppose -5*y - 5*b = 0, -d*b = 4*y - 5*b - 15. What are the prime factors of (y/9)/(5/195)?
13
Let d(b) = 2*b**3 - 2*b**2 - 4*b. Let m be d(3). Let x = 39 - m. Let r = x - 9. What are the prime factors of r?
2, 3
Suppose 2359 = 5*m - d, -9*d = -3*m - 6*d + 1425. List the prime factors of m.
3, 157
Let m be 4*((-3)/(-6) - 0). Let b(u) = -u**2 + 3 + u**2 + 4*u**3 + u**2 + u**m - 2*u. List the prime factors of b(2).
3, 13
Suppose 21*j - 20*j - 238 = 0. Suppose i - 2*s = -11 + j, 0 = 3*i - 3*s - 690. List the prime factors of i.
233
Let d(j) = -5*j + 17. Let l = 9 + 3. Suppose 3*h = -4*c - 12, -2*h - h - l = 5*c. List the prime factors of d(h).
37
What are the prime factors of ((-15)/12)/((-5)/740)?
5, 37
Let r = 4022 - 22. List the prime factors of r.
2, 5
What are the prime factors of 2 - (-33186)/30 - (-3)/(-15)?
2, 277
Let x(o) = -116*o - 107. What are the prime factors of x(-16)?
3, 11, 53
Let y(s) = -2*s**2 - 4*s - 5. Let a(h) = -h**2 - 2*h - 2. Let j(l) = -7*a(l) + 3*y(l). Let x = -25 - -27. List the prime factors of j(x).
7
Suppose 7*p - 2180 = 200. What are the prime factors of p?
2, 5, 17
Let r(z) = 589*z - 328. What are the prime factors of r(3)?
1439
Let o = 30 - 25. Suppose 219 = o*x - 106. List the prime factors of x.
5, 13
Let n(x) = x**3 - x**2 - x - 2. Let j(s) = -s**2 + 1. Let z be j(1). Let d be n(z). List the prime factors of ((-30)/(-35))/(d/(-7)).
3
Let k be 22/(-11) - (1 - 6). Let a be 2 - (k - (0 + 3)). Suppose a = b - 2. What are the prime factors of b?
2
Suppose 3*c = -5*t + 789, -6*t - 12 = -10*t